{"id":21693,"date":"2021-05-30T19:36:06","date_gmt":"2021-05-30T17:36:06","guid":{"rendered":"https:\/\/miorgemihoublon.be\/index.php\/produit\/ticket-atelier-degustation-les-bieres-decalees-2021-10-02-2021-10-02\/"},"modified":"2021-09-10T13:57:49","modified_gmt":"2021-09-10T11:57:49","slug":"ticket-atelier-degustation-les-bieres-decalees-2021-10-02-2021-10-02","status":"publish","type":"product","link":"https:\/\/miorgemihoublon.be\/index.php\/produit\/ticket-atelier-degustation-les-bieres-decalees-2021-10-02-2021-10-02\/","title":{"rendered":"Ticket: Atelier d\u00e9gustation &#8211; Les bi\u00e8res d\u00e9cal\u00e9es 2021\/10\/02 &#8211; 2021\/10\/02"},"content":{"rendered":"<p>Event Ticket<\/p>\n","protected":false},"excerpt":{"rendered":"<p>Event Ticket<\/p>\n","protected":false},"featured_media":21682,"template":"","meta":[],"product_cat":[36],"product_tag":[],"_links":{"self":[{"href":"https:\/\/miorgemihoublon.be\/index.php\/wp-json\/wp\/v2\/product\/21693"}],"collection":[{"href":"https:\/\/miorgemihoublon.be\/index.php\/wp-json\/wp\/v2\/product"}],"about":[{"href":"https:\/\/miorgemihoublon.be\/index.php\/wp-json\/wp\/v2\/types\/product"}],"wp:featuredmedia":[{"embeddable":true,"href":"https:\/\/miorgemihoublon.be\/index.php\/wp-json\/wp\/v2\/media\/21682"}],"wp:attachment":[{"href":"https:\/\/miorgemihoublon.be\/index.php\/wp-json\/wp\/v2\/media?parent=21693"}],"wp:term":[{"taxonomy":"product_cat","embeddable":true,"href":"https:\/\/miorgemihoublon.be\/index.php\/wp-json\/wp\/v2\/product_cat?post=21693"},{"taxonomy":"product_tag","embeddable":true,"href":"https:\/\/miorgemihoublon.be\/index.php\/wp-json\/wp\/v2\/product_tag?post=21693"}],"curies":[{"name":"wp","href":"https:\/\/api.w.org\/{rel}","templated":true}]}}