{"id":9849,"date":"2019-12-10T21:14:21","date_gmt":"2019-12-10T20:14:21","guid":{"rendered":"http:\/\/miorgemihoublon.be\/?post_type=product&#038;p=9849"},"modified":"2023-01-14T11:14:22","modified_gmt":"2023-01-14T10:14:22","slug":"coffret-decouverte-6-bt","status":"publish","type":"product","link":"https:\/\/miorgemihoublon.be\/index.php\/produit\/coffret-decouverte-6-bt\/","title":{"rendered":"6 bi\u00e8res styles belge"},"content":{"rendered":"","protected":false},"excerpt":{"rendered":"<p>Coffret cadeau au couleur du magasin Mi-Orge Mi-Houblon, compos\u00e9 de 6 bouteilles de bi\u00e8re en 33cl reprenant les grands styles belges. De la blanche \u00e0 la triple, une d\u00e9couverte du savoir-faire de nos ma\u00eetres-brasseurs.<\/p>\n<p>La photo est illustrative et ne repr\u00e9sente pas le contenu pr\u00e9cis du coffret cadeau.<\/p>\n","protected":false},"featured_media":21248,"template":"","meta":[],"product_cat":[54],"product_tag":[],"_links":{"self":[{"href":"https:\/\/miorgemihoublon.be\/index.php\/wp-json\/wp\/v2\/product\/9849"}],"collection":[{"href":"https:\/\/miorgemihoublon.be\/index.php\/wp-json\/wp\/v2\/product"}],"about":[{"href":"https:\/\/miorgemihoublon.be\/index.php\/wp-json\/wp\/v2\/types\/product"}],"wp:featuredmedia":[{"embeddable":true,"href":"https:\/\/miorgemihoublon.be\/index.php\/wp-json\/wp\/v2\/media\/21248"}],"wp:attachment":[{"href":"https:\/\/miorgemihoublon.be\/index.php\/wp-json\/wp\/v2\/media?parent=9849"}],"wp:term":[{"taxonomy":"product_cat","embeddable":true,"href":"https:\/\/miorgemihoublon.be\/index.php\/wp-json\/wp\/v2\/product_cat?post=9849"},{"taxonomy":"product_tag","embeddable":true,"href":"https:\/\/miorgemihoublon.be\/index.php\/wp-json\/wp\/v2\/product_tag?post=9849"}],"curies":[{"name":"wp","href":"https:\/\/api.w.org\/{rel}","templated":true}]}}